26 + 12?
-3514
In base 4, what is 1010 + -1132320?
-1131310
In base 14, what is 1829 + -2?
1827
In base 13, what is -1b10 - -4?
-1b09
In base 13, what is 45 + 175?
1ba
In base 7, what is -235211 - 5?
-235216
In base 8, what is -476 + -51?
-547
In base 10, what is -196 - 2827?
-3023
In base 16, what is 94603 - 5?
945fe
In base 10, what is 1442771 + -5?
1442766
In base 13, what is 4 - 5418?
-5414
In base 15, what is 14a4a - b?
14a3e
In base 2, what is -1001010010001011 + -101?
-1001010010010000
In base 8, what is 2 - 401370?
-401366
In base 3, what is 10 - 12121202102?
-12121202022
In base 10, what is -372 - 141?
-513
In base 12, what is -3223 + -35?
-3258
In base 9, what is -313 - -2215?
1802
In base 16, what is -4 - 4962?
-4966
In base 7, what is -20601605 + -4?
-20601612
In base 3, what is -120 - -2202020?
2201200
In base 14, what is -21 + 17?
-8
In base 16, what is -2 + -e77e?
-e780
In base 7, what is 301 + -5161?
-4560
In base 6, what is 303 - 154141?
-153434
In base 16, what is -9 + -3ec5f?
-3ec68
In base 15, what is 42 + -54a?
-508
In base 3, what is 200002021202 + 1?
200002021210
In base 2, what is -1010011010111 - -100000?
-1010010110111
In base 5, what is 31103 + 20433?
102041
In base 4, what is -10032 + 2222300?
2212202
In base 16, what is ab - 1ac?
-101
In base 5, what is -1312340 + 1?
-1312334
In base 8, what is 17750 - 1224?
16524
In base 7, what is 552433 - -1?
552434
In base 2, what is 101 - -111110100001100?
111110100010001
In base 9, what is 21 + 63352?
63373
In base 4, what is 2331101 + -2?
2331033
In base 5, what is 3014022 - 4?
3014013
In base 15, what is a1 + -355?
-2a4
In base 7, what is 1464 - -420?
2214
In base 7, what is 34636 + 3?
34642
In base 5, what is -300044021 + -3?
-300044024
In base 3, what is -2001 - -200011?
121010
In base 3, what is 11121202 - 2002?
11112200
In base 3, what is 2021120010010 + 12?
2021120010022
In base 8, what is -111 + -170?
-301
In base 4, what is -3 - -302310?
302301
In base 6, what is -2035 - -1051?
-544
In base 7, what is -261254 + -36?
-261323
In base 15, what is 77 + 15?
8c
In base 2, what is 11011 + -11001101001?
-11001001110
In base 14, what is 2 + 7a2bd?
7a2c1
In base 2, what is 111100 + -1110010?
-110110
In base 11, what is -89098 + 0?
-89098
In base 4, what is -1133102 - 2?
-1133110
In base 7, what is -1520 + 13?
-1504
In base 7, what is -456 - -2104?
1315
In base 3, what is 110200001 + 1020?
110201021
In base 7, what is 4 - 10566352?
-10566345
In base 14, what is -a3d - 17b?
-bba
In base 15, what is 5 - 19a8c?
-19a87
In base 14, what is 134 - 2d30?
-2bda
In base 4, what is 2 + 211231003?
211231011
In base 10, what is 1531 + -2?
1529
In base 8, what is -51456 + 31?
-51425
In base 10, what is 50744 - -4?
50748
In base 4, what is -133321311 - 23?
-133322000
In base 13, what is 0 - -c0ac?
c0ac
In base 15, what is -3 - 17c22?
-17c25
In base 15, what is -2 + 9d39?
9d37
In base 4, what is -133 + -201220?
-202013
In base 4, what is -21112 + -133?
-21311
In base 12, what is 5bab3 - -5?
5bab8
In base 4, what is 3003321132 + -2?
3003321130
In base 7, what is -2 + -34663?
-34665
In base 12, what is -2b651 + -3?
-2b654
In base 5, what is -424311 - -32?
-424224
In base 15, what is 1 - -3ae8?
3ae9
In base 12, what is 12b632 + 2?
12b634
In base 14, what is -11c69 + 4?
-11c65
In base 3, what is 1120 + -11000022100?
-11000020210
In base 12, what is 5 + -438151?
-438148
In base 3, what is 202200012122 - 1?
202200012121
In base 5, what is -2 - -12223211?
12223204
In base 4, what is -3122 - -2033302?
2030120
In base 8, what is 452 - 35661?
-35207
In base 13, what is -371b - -9a?
-3651
In base 15, what is 2 + 879d?
87a0
In base 9, what is 1341 + 7?
1348
In base 6, what is -33 + -24154?
-24231
In base 6, what is -20325 + 1?
-20324
In base 5, what is -224411 - -341?
-224020
In base 4, what is -211221 + -2210?
-220031
In base 8, what is 4417 - -1415?
6034
In base 14, what is 50 + 3ad?
41d
In base 7, what is 65261 + 31?
65322
In base 13, what is -22a9 - 116?
-23c2
In base 14, what is -7b8a84 + 0?
-7b8a84
In base 15, what is 11 + 7ab?
7bc
In base 2, what is 110101 - -100111101001?
101000011110
In base 9, what is 48 - 2364?
-2315
In base 4, what is -31330221 - 3?
-31330230
In base 2, what is -10011001111001 - 1001100?
-10011011000101
In base 6, what is -43451 + -3?
-43454
In base 12, what is 62a7 + -7?
62a0
In base 4, what is 321221002 - -2?
321221010
In base 11, what is -8854 - -21?
-8833
In base 3, what is -100211102121 + 0?
-100211102121
In base 2, what is 1111010 - -1100000?
11011010
In base 11, what is -19 + -1709?
-1727
In base 4, what is 132001131 + -3?
132001122
In base 4, what is -13210230 - 1?
-13210231
In base 10, what is -9 + 1106?
1097
In base 8, what is 1351 - 144?
1205
In base 15, what is 93d8 + 4?
93dc
In base 6, what is -11 + 15412?
15401
In base 3, what is -1 - 10020222211?
-10020222212
In base 12, what is -2a - -4155?
4127
In base 10, what is -30501 - -1?
-30500
In base 16, what is -2 - -ebc71?
ebc6f
In base 7, what is 20226 - 2?
20224
In base 3, what is 12 + 11100001201?
11100001220
In base 4, what is -23012 + -11010?
-100022
In base 5, what is 20032214 + -1?
20032213
In base 14, what is 0 + 550b?
550b
In base 5, what is 13043 + -424?
12114
In base 4, what is 2103132 - -20?
2103212
In base 14, what is -9035 - 9?
-9040
In base 12, what is 30 - -341?
371
In base 10, what is 6286 + 0?
6286
In base 7, what is 14 - 3062520?
-3062503
In base 16, what is 63 - 3e9?
-386
In base 7, what is 6 - -1544155?
1544164
In base 13, what is -2 + -c798?
-c79a
In base 14, what is 7c36 + -7?
7c2d
In base 11, what is -17773 - -69?
-17705
In base 5, what is -1404211 - -310?
-1403401
In base 8, what is -6406 + -703?
-7311
In base 5, what is 300104 + -3?
300101
In base 14, what is 2133 + -9?
2128
In base 6, what is -2504235 + 3?
-2504232
In base 15, what is -c8 + 2cc?
204
In base 15, what is -350 + 19?
-336
In base 8, what is -6 - 2444?
-2452
In base 7, what is -1344053 - 5?
-1344061
In base 10, what is -49 - -6943?
6894
In base 16, what is 2 + -c3d?
-c3b
In base 13, what is cba5a + 0?
cba5a
In base 10, what is -380241 + -1?
-380242
In base 15, what is 6c9 - 105?
5c4
In base 10, what is -2 + -6981?
-6983
In base 8, what is -3345 - 145?
-3512
In base 9, what is -12441 + 142?
-12288
In base 7, what is -25 + 524504?
524446
In base 7, what is 44 + 1415?
1462
In base 15, what is 4 - 7640?
-763b
In base 15, what is -9e + c0?
21
In base 5, what is -31040 - 311?
-31401
In base 7, what is 4 - -15531?
15535
In base 14, what is -921 - -36?
-8c9
In base 9, what is 72 + 14802?
14874
In base 13, what is 338 + -11?
327
In base 2, what is 101101011011011110010 + 10?
101101011011011110100
In base 11, what is -308676 - a?
-308685
In base 6, what is -13244 - -313?
-12531
In base 11, what is -4a60 - 4?
-4a64
In base 14, what is -19db - -23?
-19b8
In base 6, what is -1 + 44350?
44345
In base 13, what is 350 - 33?
31a
In base 3, what is 110110 - 2110211?
-2000101
In base 13, what is -c36 + -60b?
-1544
In base 13, what is 4 - 2c834b?
-2c8347
In base 11, what is -279 - 5a57?
-6225
In base 2, what is 101 - 1000010111?
-1000010010
In base 5, what is 20322 - 1101?
14221
In base 3, what is 20100122 + 22?
20100221
In base 13, what is -2 + c913?
c911
In base 4, what is -10 - -22103203?
22103133
In base 10, what is 194978 + -5?
194973
In base 9, what is -1857147 - -3?
-1857144
In base 4, what is -310330130 - -11?
-310330113
In base 7, what is -4 - 15666?
-16003
In base 15, what is -140476 - -4?
-140472
In base 9, what is -611468 - 10?
-611478
In base 14, what is -5d - -9d?
40
In base 9, what is 5 + -1006834?
-1006828
In base 12, what is 98 - -75?
151
In base 15, what is 55 - 38c?
-337
In base 4, what is 20133001 - -202?
20133203
In base 11, what is 1 + 13450?
13451
In base 2, what is 11 + 111001110011100010?
111001110011100101
In base 14, what is -1ca65 - -4?
-1ca61
In base 9, what is 1740 + 82?
1832
In base 3, what is -212212122 - 2201?
-212222100
In base 3, what is -10211110 - 11?
-10211121
In base 8, what is 2 - 2032?
-2030
In base 7, what is -301266 + 13?
-301253
In base 4, what is -131 + 103010133?
103010002
In base 7, what is 215631 - 5?
215623
In base 15, what is c + 336?
343
In base 12, what is 29a63 - -3?
29a66
In base 4, what is